
1
Let r(t) = 8*t**2 - 265*t - 532. What is r(-2)?
30
Let l(g) = -3*g**3 - 110*g**2 + 38*g. What is l(-37)?
-37
Let b(i) = -2*i**3 + 14*i**2 + 6*i + 8. Calculate b(7).
50
Let b(p) = -1416*p + 11322. Calculate b(8).
-6
Let d(i) = -i**3 + 13*i**2 - 26*i - 16. Determine d(9).
74
Let h(k) = -165*k + 255. What is h(7)?
-900
Let g(m) = -282*m + 14368. Calculate g(51).
-14
Let s(k) = 318*k + 30531. Give s(-96).
3
Let c(o) = 12*o + 4. Give c(0).
4
Let m(v) = -v**2 + 35*v + 464. Give m(-11).
-42
Let j(i) = -8*i**3 + 14*i**2 - 12*i + 32. What is j(2)?
0
Let f(y) = -y**3 - 22*y**2 - 20*y - 384. Calculate f(-22).
56
Let v(h) = 12*h**2 + 46*h - 2. Give v(-4).
6
Let y(v) = 231*v - 161. Give y(2).
301
Let n(h) = 2*h**3 + 340*h**2 - 347*h - 857. Give n(-171).
-2
Let g(v) = -v**3 + 15*v**2 + 66*v - 225. What is g(18)?
-9
Let z(h) = h**2 + 1484*h - 17953. Determine z(12).
-1
Let j(i) = -3*i**2 - 116*i - 1065. Give j(-15).
0
Let i(o) = 8*o**2 + 131*o - 160. Calculate i(-18).
74
Let n(b) = -2*b**3 + 4*b**2 - 5*b + 21. What is n(3)?
-12
Let k(u) = -3*u**3 - 176*u**2 + 609*u - 681. Determine k(-62).
1
Let n(y) = -y**2 + 16*y + 34. Give n(14).
62
Let a(l) = -2*l**2 - 55*l + 38. What is a(-28)?
10
Let n(f) = -170*f + 1847. Give n(11).
-23
Let n(j) = -15*j + 130. Calculate n(12).
-50
Let x(f) = f - 47. Determine x(-20).
-67
Let j(c) = c**2 + 24*c - 44. What is j(0)?
-44
Let l(o) = 2*o**2 + 13*o - 112. Give l(9).
167
Let i(t) = 3*t**3 + t**2 - 18*t - 3. Give i(3).
33
Let v(y) = 2*y**2 - 48*y + 83. Calculate v(18).
-133
Let h(b) = b**3 + 2*b**2 + 3*b - 28. Give h(-5).
-118
Let w(q) = 5*q**3 + 197*q**2 - 117*q + 104. Determine w(-40).
-16
Let w(n) = -131*n - 704. Calculate w(-7).
213
Let s(r) = -6*r**3 - 7*r**2 + 25*r + 1. Give s(-3).
25
Let t(y) = -y**2 - y + 66. Give t(8).
-6
Let l(w) = -52*w**3 - 4*w**2 - 15*w - 23. Determine l(-2).
407
Let d(c) = 28*c + 733. Give d(-26).
5
Let o(d) = d**2 - 80*d + 1238. Determine o(21).
-1
Let z(t) = 83*t**2 - 662*t + 3. What is z(8)?
19
Let r(y) = 31*y**3 + 3*y**2 + 22*y + 50. Give r(-3).
-826
Let j(g) = -81*g + 1221. Give j(15).
6
Let d(b) = -151*b + 1219. Calculate d(8).
11
Let v(a) = -3*a**3 - a**2 + 6*a + 15. Calculate v(4).
-169
Let q(u) = 14*u**2 - 127*u - 126. Give q(-1).
15
Let g(i) = 4*i**3 - 14*i**2 - 42*i - 28. Give g(-1).
-4
Let c(q) = -536*q - 12970. Determine c(-24).
-106
Let q(v) = -7*v + 52. Give q(1).
45
Let m(l) = l + 44. Calculate m(-62).
-18
Let p(o) = o**3 + 42*o**2 - 40*o + 62. Calculate p(-43).
-67
Let q(j) = 33*j - 399. Give q(8).
-135
Let l(w) = -94*w + 638. Calculate l(9).
-208
Let x(h) = 15*h - 294. Calculate x(31).
171
Let u(k) = 30*k + 65. Determine u(-8).
-175
Let m(k) = -64*k**2 - 60*k + 185. Determine m(3).
-571
Let s(m) = 342*m + 2054. Determine s(-6).
2
Let a(j) = -904*j + 34376. Give a(38).
24
Let m(x) = x**3 + 4*x**2 - 50*x + 144. Determine m(4).
72
Let x(q) = q + 89. What is x(-17)?
72
Let b(m) = 3*m**3 - 780*m**2 + 792*m - 3882. Determine b(259).
3
Let g(f) = 4*f**2 - 13*f + 12. What is g(5)?
47
Let r(o) = 91*o**2 - 201*o - 406. Calculate r(-2).
360
Let q(o) = o**2 - 55*o - 1496. Give q(75).
4
Let u(i) = -330*i + 394. Determine u(1).
64
Let r(u) = 26*u - 151. Give r(11).
135
Let z(b) = -b**3 + 6*b**2 + 22*b + 27. What is z(5)?
162
Let n(k) = -k**3 + 9*k**2 - 4*k + 10. Give n(6).
94
Let u(w) = -6*w + 1093. Determine u(-6).
1129
Let x(q) = -123*q - 990. Determine x(-8).
-6
Let n(z) = -142*z + 176. Calculate n(3).
-250
Let i(l) = 1649*l + 5106. Calculate i(-3).
159
Let l(p) = 283*p - 279. What is l(1)?
4
Let k(o) = 14513*o + 29024. Determine k(-2).
-2
Let z(w) = 3*w**3 - 12*w**2 - 24*w + 45. Give z(5).
0
Let a(n) = n**2 + 12*n - 267. Give a(-18).
-159
Let c(n) = n**3 + 11*n**2 + 7*n + 1. Give c(-7).
148
Let r(n) = -n**2 - 18*n - 63. Calculate r(-14).
-7
Let o(s) = 42*s - 64. Give o(1).
-22
Let l(g) = 14*g**2 + 1051*g + 65. What is l(-75)?
-10
Let q(f) = -21*f - 3061. Calculate q(-146).
5
Let o(b) = -b**3 + 10*b**2 + 330*b + 150. Calculate o(24).
6
Let x(v) = v**2 - 11*v - 56. What is x(16)?
24
Let l(d) = 57*d + 561. Determine l(-10).
-9
Let i(b) = -12*b**2 - 589*b + 19. What is i(-49)?
68
Let h(l) = -3*l - 26. Determine h(20).
-86
Let y(i) = 5*i**3 + 6*i**2 + 20*i + 45. Calculate y(-5).
-530
Let l(n) = -3*n**3 + n**2 + n - 55. Give l(0).
-55
Let g(v) = 200*v - 12675. Calculate g(63).
-75
Let z(i) = -85*i + 214. Calculate z(-3).
469
Let n(m) = 21*m**2 + 2351*m - 77. What is n(-112)?
35
Let r(y) = -y**2 + 5*y - 98. Give r(11).
-164
Let d(x) = -x**2 + 10*x + 43. Calculate d(13).
4
Let l(v) = -2*v**3 + 8*v**2 - 21*v + 22. Calculate l(2).
-4
Let t(u) = -u**2 + 174*u + 1392. Give t(-8).
-64
Let i(o) = -297*o - 1482. What is i(-5)?
3
Let d(b) = 3*b + 195. Give d(0).
195
Let h(b) = -152*b + 322. Determine h(2).
18
Let n(p) = -12*p**2 + p - 1. What is n(1)?
-12
Let g(x) = -x**3 - 36*x**2 + 71*x - 191. Determine g(-38).
-1
Let w(h) = -2*h + 8. Determine w(7).
-6
Let p(g) = 1989*g - 23877. What is p(12)?
-9
Let m(g) = -2*g**3 + 40*g**2 + 41*g + 36. Calculate m(21).
15
Let u(s) = s**2 + 10*s + 16. Calculate u(-2).
0
Let w(v) = -v**2 - 19*v + 269. Give w(9).
17
Let j(q) = -q**3 + 68*q**2 - q + 550. What is j(0)?
550
Let a(u) = -210*u - 1260. Calculate a(-6).
0
Let k(n) = n**3 + 16*n**2 + 36*n - 49. Calculate k(-13).
-10
Let k(l) = 14*l - 173. Give k(13).
9
Let x(j) = -96*j**2 + 23*j - 1. Calculate x(1).
-74
Let p(h) = -995*h - 16927. Calculate p(-17).
-12
Let m(t) = 50*t - 38. What is m(8)?
362
Let s(v) = 2*v**2 - 66*v + 110. Give s(35).
250
Let f(y) = -y**2 - 20*y - 57. What is f(-15)?
18
Let d(m) = -228*m + 633. Calculate d(3).
-51
Let z(i) = -2*i**3 - 396*i - 1174. Give z(-3).
68
Let d(v) = -41*v**2 + 26*v - 126. Calculate d(4).
-678
Let m(h) = 121*h - 4344. What is m(36)?
12
Let u(w) = 135*w**2 + 2292*w - 49. Calculate u(-17).
2
Let p(h) = -2*h**3 - 38*h**2 - 29*h - 15. Give p(-18).
-141
Let z(r) = -r**3 + 60*r**2 - 56*r - 177. Calculate z(59).
0
Let f(a) = -a**3 - 17*a**2 + 57*a - 43. What is f(-20)?
17
Let v(m) = m**3 - 19*m**2 + 93*m - 33. Calculate v(5).
82
Let u(x) = -x**3 - 6*x**2 + 30*x + 2. Calculate u(3).
11
Let p(r) = 31*r - 160. Determine p(7).
57
Let q(f) = f**3 - 15*f**2 + 18*f + 26. Determine q(9).
-298
Let x(t) = 3*t - 190. Determine x(26).
-112
Let c(p) = -6*p**2 - 47*p - 97. Calculate c(-6).
-31
Let u(p) = p**3 + 11*p**2 + 29*p + 14. Calculate u(-6).
20
Let f(y) = -2*y**3 + y**2 + 55*y - 12. Calculate f(-5).
-12
Let m(t) = t**2 - 28*t + 34. Calculate m(7).
-113
Let b(i) = -i**3 - 15*i**2 + 550*i + 5451. Determine b(-9).
15
Let x(k) = -172*k - 16333. Determine x(-95).
7
Let l(k) = -9*k + 293. Give l(45).
-112
Let h(b) = -80*b - 2000. Calculate h(-25).
0
Let x(n) = -16*n**3 - 31*n**2 - 31*n - 60. Give x(-2).
6
Let r(q) = q**3 + 31*q**2 - 33*q - 38. What is r(-32)?
-6
Let g(u) = u**2 + 21*u + 27. Calculate g(-10).
-83
Let c(p) = -13*p**2 - 359*p - 180. Give c(-27).
36
Let c(f) = f**2 - 247*f - 5905. Calculate c(-22).
13
Let o(x) = 7*x**2 - 88*x - 48. Calculate o(5).
-313
Let c(g) = -4*g**3 + 11*g + 15. Determine c(-3).
90
Let z(q) = -q - 92. Give z(17).
-109
Let m(g) = -g**2 + 116*g - 2972. Calculate m(77).
31
Let f(z) = -79*z - 841. Determine f(-10).
-51
Let p(x) = 266*x**2 - 222*x + 1. Calculate p(1).
45
Let v(c) = c**3 + 140*c**2 - 290*c - 831. Determine v(-142).
21
Let c(b) = -201*b - 14662. Give c(-73).
11
Let u(b) = -b**3 + 13*b**2 - 22*b + 176. Determine u(13).
-110
Let d(z) = 201*z + 2206. What is d(-11)?
-5
Let j(x) = x**2 - 29*x + 212. What is j(11)?
14
Let h(s) = -2*s**3 + 82*s**2 - 5*s + 195. Determine h(41).
-10
Let l(f) = -3979*f + 47753. Determine l(12).
5
Let l(c) = c**3 + 3*c**2 - 7*c + 15. What is l(-5)?
0
Let x(b) = -b**3 + b**2 - 10*b + 118. Calculate x(0).
118
Let c(g) = 188*g - 1748. Calculate c(9).
-56
Let b(w) = -w**3 + 7*w**2 + 53*w - 12. Give b(11).
87
Let u(t) = -269*t + 6464. What is u(24)?
8
Let l(a) = 1174*a + 14092. What is l(-12)?
4
Let w(o) = 55*o - 784. Calculate w(14).
-14
Let r(f) = 66*f**2 - 191*f - 382. Give r(-2).
264
Let n(u) = 226*u - 6777. Give n(30).
3
Let x(a) = -2*a**2 - 60*a - 409. What is x(-24)?
-121
Let z(x) = 4*x**2 - 41*x - 1099. What is z(-16)?
581
Let c(y) = 19*y + 53. What is c(-5)?
-42
Let x(m) = 18*m**2 - 117*m + 145. Calculate x(5).